{"id":26,"date":"2019-08-09T12:50:24","date_gmt":"2019-08-09T09:50:24","guid":{"rendered":"http:\/\/nivalanerankavijat.com\/?page_id=26"},"modified":"2025-10-18T17:39:36","modified_gmt":"2025-10-18T14:39:36","slug":"kiintiot-ja-metsastysajat","status":"publish","type":"page","link":"https:\/\/nivalanerankavijat.com\/?page_id=26","title":{"rendered":"Kiinti\u00f6t ja mets\u00e4stysajat"},"content":{"rendered":"\n<p><br><strong>Mets\u00e4stysajat ja valtakunnalliset rajoitukset<\/strong><br><a rel=\"noreferrer noopener\" aria-label=\"Riistakeskus.fi (avautuu uudessa v\u00e4lilehdess\u00e4)\" href=\"https:\/\/riista.fi\/metsastys\/metsastysajat\/\" target=\"_blank\">Riista.fi<\/a><br><br><br><strong>Nivalan Er\u00e4nk\u00e4vij\u00e4t ry:n kiinti\u00f6t ja rajoitukset mets\u00e4styskaudelle<\/strong> <strong>2025-2026<\/strong>:<br><br>\u2013 metso rauhoitettu 1.10.2025 alkaen pyyntikauden loppuun<br>\u2013 teeri 3 kpl<br>\u2013 pyy 5 kpl<br><\/p>\n\n\n\n<p>Fasaaneja er\u00e4nk\u00e4vij\u00e4t eiv\u00e4t ole istuttaneet, fasaaneja saavat mets\u00e4st\u00e4\u00e4 ainoastaan niit\u00e4 istuttaneet henkil\u00f6t.<\/p>\n\n\n\n<p><br>\u2013 mets\u00e4kauris, 1 kpl<br><em>HUOM! Kaadosta on teht\u00e4v\u00e4 lakis\u00e4\u00e4teinen ilmoitus Riistakeskukselle<\/em> &gt; ilmoitus onnistuu k\u00e4tev\u00e4sti Omariistassa. Ilmoitus on tehd\u00e4\u00e4n my\u00f6s Nivalan Er\u00e4nk\u00e4vij\u00e4t ry:n toiminnanjohtajalle.<br><br>Kokonaan rauhoitettuja 2025-2026:<br>\u2013 peltopyy<br>\u2013 riekko<br>\u2013 mets\u00e4hanhi<br>\u2013 merihanhi<br><br>Muut rajoitukset:<br>\u2013 Mets\u00e4kanalintujen mets\u00e4st\u00e4minen pellolta on kielletty! Lintuja ei siis saa ampua pellolle\/pellolta. Pellon p\u00e4\u00e4ll\u00e4 lent\u00e4vi\u00e4 lintuja ei my\u00f6sk\u00e4\u00e4n saa ampua.<br><br>\u2013 Pyyntiajat valtion mukaan.  Seuraa tiedottamista! <a rel=\"noreferrer noopener\" aria-label=\"Riista.fi (avautuu uudessa v\u00e4lilehdess\u00e4)\" href=\"https:\/\/riista.fi\/metsastys\/metsastysajat\/\" target=\"_blank\">Riista.fi<\/a><br>Lis\u00e4ksi kes\u00e4kokous antoi johtokunnalle valtuudet rajoittaa tarvittaessa pyynti\u00e4.<br><br>\u2013 Koep\u00e4ivin\u00e4 tarvittavat maastot ilmoitetaan ennen kokeita Nivala-lehdess\u00e4 ja seuran www-sivuilla.<br><br> \u2013 Koetoimintaa varten nimet\u00e4\u00e4n koetoimialueet. Muulloin, paitsi koep\u00e4ivin\u00e4 koealueilla mets\u00e4stys sallittu normaalin k\u00e4yt\u00e4nn\u00f6n mukaisesti.<br><br>Koetoimialueet: Ilmoitetaan Nivala-Lehdess\u00e4 ennen koeviikonloppuja. <br><br>Pysyv\u00e4 rauhoitusalue on Ypy\u00e4nj\u00e4rvi, Koukelo ja Makolan kolmio, kts. Reviiri-kartta<\/p>\n\n\n\n<p>Rutkun riistanhoitoalueella pienpetopyynti ja varislintujen pyynti sallittu.<br><br>Mets\u00e4stysajat ja valtakunnalliset rajoitukset:<br>Ks. <a rel=\"noreferrer noopener\" aria-label=\"Riistakeskuksen nettisivut (avautuu uudessa v\u00e4lilehdess\u00e4)\" href=\"https:\/\/riista.fi\/metsastys\/metsastysajat\/\" target=\"_blank\">Riistakeskuksen nettisivut<\/a><\/p>\n","protected":false},"excerpt":{"rendered":"<p>Mets\u00e4stysajat ja valtakunnalliset rajoituksetRiista.fi Nivalan Er\u00e4nk\u00e4vij\u00e4t ry:n kiinti\u00f6t ja rajoitukset mets\u00e4styskaudelle 2025-2026: \u2013 metso rauhoitettu 1.10.2025 alkaen pyyntikauden loppuun\u2013 teeri 3 kpl\u2013 pyy 5 kpl Fasaaneja er\u00e4nk\u00e4vij\u00e4t eiv\u00e4t ole istuttaneet, fasaaneja saavat mets\u00e4st\u00e4\u00e4 ainoastaan niit\u00e4 istuttaneet henkil\u00f6t. \u2013 mets\u00e4kauris, 1 kplHUOM! Kaadosta on teht\u00e4v\u00e4 lakis\u00e4\u00e4teinen ilmoitus Riistakeskukselle &gt; ilmoitus onnistuu k\u00e4tev\u00e4sti Omariistassa. Ilmoitus on tehd\u00e4\u00e4n my\u00f6s Nivalan Er\u00e4nk\u00e4vij\u00e4t ry:n toiminnanjohtajalle. Kokonaan rauhoitettuja 2025-2026:\u2013 peltopyy\u2013 riekko\u2013 mets\u00e4hanhi\u2013 merihanhi Muut rajoitukset:\u2013 Mets\u00e4kanalintujen mets\u00e4st\u00e4minen pellolta on kielletty! Lintuja ei siis saa ampua pellolle\/pellolta. Pellon p\u00e4\u00e4ll\u00e4 lent\u00e4vi\u00e4 lintuja ei my\u00f6sk\u00e4\u00e4n saa ampua. \u2013 Pyyntiajat valtion mukaan. Seuraa tiedottamista! Riista.fiLis\u00e4ksi kes\u00e4kokous antoi johtokunnalle valtuudet rajoittaa tarvittaessa pyynti\u00e4. \u2013 Koep\u00e4ivin\u00e4 tarvittavat maastot ilmoitetaan ennen kokeita Nivala-lehdess\u00e4 ja seuran www-sivuilla. \u2013 Koetoimintaa varten nimet\u00e4\u00e4n koetoimialueet. Muulloin, paitsi koep\u00e4ivin\u00e4 koealueilla mets\u00e4stys sallittu normaalin k\u00e4yt\u00e4nn\u00f6n mukaisesti. Koetoimialueet: Ilmoitetaan Nivala-Lehdess\u00e4 ennen koeviikonloppuja. Pysyv\u00e4 rauhoitusalue on Ypy\u00e4nj\u00e4rvi, Koukelo ja Makolan kolmio, kts. Reviiri-kartta Rutkun riistanhoitoalueella pienpetopyynti ja varislintujen pyynti sallittu. Mets\u00e4stysajat ja valtakunnalliset rajoitukset:Ks. Riistakeskuksen nettisivut<\/p>\n","protected":false},"author":1,"featured_media":0,"parent":0,"menu_order":0,"comment_status":"closed","ping_status":"closed","template":"","meta":{"footnotes":""},"class_list":["post-26","page","type-page","status-publish","hentry"],"_links":{"self":[{"href":"https:\/\/nivalanerankavijat.com\/index.php?rest_route=\/wp\/v2\/pages\/26","targetHints":{"allow":["GET"]}}],"collection":[{"href":"https:\/\/nivalanerankavijat.com\/index.php?rest_route=\/wp\/v2\/pages"}],"about":[{"href":"https:\/\/nivalanerankavijat.com\/index.php?rest_route=\/wp\/v2\/types\/page"}],"author":[{"embeddable":true,"href":"https:\/\/nivalanerankavijat.com\/index.php?rest_route=\/wp\/v2\/users\/1"}],"replies":[{"embeddable":true,"href":"https:\/\/nivalanerankavijat.com\/index.php?rest_route=%2Fwp%2Fv2%2Fcomments&post=26"}],"version-history":[{"count":28,"href":"https:\/\/nivalanerankavijat.com\/index.php?rest_route=\/wp\/v2\/pages\/26\/revisions"}],"predecessor-version":[{"id":1339,"href":"https:\/\/nivalanerankavijat.com\/index.php?rest_route=\/wp\/v2\/pages\/26\/revisions\/1339"}],"wp:attachment":[{"href":"https:\/\/nivalanerankavijat.com\/index.php?rest_route=%2Fwp%2Fv2%2Fmedia&parent=26"}],"curies":[{"name":"wp","href":"https:\/\/api.w.org\/{rel}","templated":true}]}}