{"id":279,"date":"2023-04-27T17:41:03","date_gmt":"2023-04-27T14:41:03","guid":{"rendered":"http:\/\/nivalanerankavijat.com\/?page_id=279"},"modified":"2025-04-27T15:20:47","modified_gmt":"2025-04-27T12:20:47","slug":"ampumarata","status":"publish","type":"page","link":"https:\/\/nivalanerankavijat.com\/?page_id=279","title":{"rendered":"Ampumarata"},"content":{"rendered":"\n<p>Ampumaradat sijaitsevat Nivalan Er\u00e4nk\u00e4vij\u00f6iden toimitalon ymp\u00e4rist\u00f6ss\u00e4 Pyssym\u00e4ell\u00e4. Ampumalippuja haulikkoradalle myy Urheilupiste Anttila (Kalliontie 13, 85500 Nivala)<\/p>\n\n\n\n<p>Lippujen hinnat: <\/p>\n\n\n\n<p>J\u00e4sen 4\u20ac\/kierros (40\u20ac\/pakka, 10 lippua)<br>Ei j\u00e4sen 5\u20ac\/kierros (50\u20ac\/pakka, 10 lippua)<\/p>\n\n\n\n<p>K\u00e4yt\u00f6ss\u00e4 my\u00f6s ePassi, Smartum ja MobilePay<\/p>\n\n\n\n<p>Kes\u00e4n 2024 valvotut haulikkovuorot l\u00f6yd\u00e4t t\u00e4\u00e4lt\u00e4: <\/p>\n\n\n\n<div data-wp-interactive=\"core\/file\" class=\"wp-block-file\"><object data-wp-bind--hidden=\"!state.hasPdfPreview\" hidden class=\"wp-block-file__embed\" data=\"https:\/\/nivalanerankavijat.com\/wp-content\/uploads\/2025\/04\/Ammunnanvalvonnat-2025.pdf\" type=\"application\/pdf\" style=\"width:100%;height:600px\" aria-label=\"Tiedoston Ammunnanvalvonnat-2025 upotus.\"><\/object><a id=\"wp-block-file--media-b53adf43-b98e-40fc-b9f0-38b80ac45bd8\" href=\"https:\/\/nivalanerankavijat.com\/wp-content\/uploads\/2025\/04\/Ammunnanvalvonnat-2025.pdf\" target=\"_blank\" rel=\"noreferrer noopener\">Ammunnanvalvonnat-2025<\/a><a href=\"https:\/\/nivalanerankavijat.com\/wp-content\/uploads\/2025\/04\/Ammunnanvalvonnat-2025.pdf\" class=\"wp-block-file__button wp-element-button\" download aria-describedby=\"wp-block-file--media-b53adf43-b98e-40fc-b9f0-38b80ac45bd8\">Lataa<\/a><\/div>\n\n\n\n<p><br><strong>Sallitut ampuma-ajat<\/strong><br>ma-pe: klo 8.00-21.00<br>la: 8.00-18.00<br>su: 12.00-18.00<br><br><strong>Siivoa aina j\u00e4lkesi.<\/strong><br><br><br><\/p>\n\n\n\n<p>Pikkuhirven harjoitukset 18.5. alkaen tiistaisin, torstaisin klo 18 ja sunnuntaina klo 12. Seuran j\u00e4senille ilmainen, muille 5\u20ac k\u00e4yntikerta.<\/p>\n\n\n\n<p>Hirvenjuoksun harjoitukset 30.4. alkaen perjantaisin klo 18.<\/p>\n\n\n\n<h2 class=\"wp-block-heading\">Ampumaradan j\u00e4rjetyss\u00e4\u00e4nn\u00f6t<\/h2>\n\n\n\n<div data-wp-interactive=\"core\/file\" class=\"wp-block-file\"><object data-wp-bind--hidden=\"!state.hasPdfPreview\" hidden class=\"wp-block-file__embed\" data=\"https:\/\/nivalanerankavijat.com\/wp-content\/uploads\/2023\/04\/Ampumaradan-jarjestyssaannot.pdf\" type=\"application\/pdf\" style=\"width:100%;height:600px\" aria-label=\"Tiedoston Ampumaradan-jarjestyssaannot upotus.\"><\/object><a id=\"wp-block-file--media-074c767e-1abf-429d-af78-1a9ca48c1f29\" href=\"https:\/\/nivalanerankavijat.com\/wp-content\/uploads\/2023\/04\/Ampumaradan-jarjestyssaannot.pdf\">Ampumaradan-jarjestyssaannot<\/a><a href=\"https:\/\/nivalanerankavijat.com\/wp-content\/uploads\/2023\/04\/Ampumaradan-jarjestyssaannot.pdf\" class=\"wp-block-file__button wp-element-button\" download aria-describedby=\"wp-block-file--media-074c767e-1abf-429d-af78-1a9ca48c1f29\">Lataa<\/a><\/div>\n","protected":false},"excerpt":{"rendered":"<p>Ampumaradat sijaitsevat Nivalan Er\u00e4nk\u00e4vij\u00f6iden toimitalon ymp\u00e4rist\u00f6ss\u00e4 Pyssym\u00e4ell\u00e4. Ampumalippuja haulikkoradalle myy Urheilupiste Anttila (Kalliontie 13, 85500 Nivala) Lippujen hinnat: J\u00e4sen 4\u20ac\/kierros (40\u20ac\/pakka, 10 lippua)Ei j\u00e4sen 5\u20ac\/kierros (50\u20ac\/pakka, 10 lippua) K\u00e4yt\u00f6ss\u00e4 my\u00f6s ePassi, Smartum ja MobilePay Kes\u00e4n 2024 valvotut haulikkovuorot l\u00f6yd\u00e4t t\u00e4\u00e4lt\u00e4: Sallitut ampuma-ajatma-pe: klo 8.00-21.00la: 8.00-18.00su: 12.00-18.00 Siivoa aina j\u00e4lkesi. Pikkuhirven harjoitukset 18.5. alkaen tiistaisin, torstaisin klo 18 ja sunnuntaina klo 12. Seuran j\u00e4senille ilmainen, muille 5\u20ac k\u00e4yntikerta. Hirvenjuoksun harjoitukset 30.4. alkaen perjantaisin klo 18. Ampumaradan j\u00e4rjetyss\u00e4\u00e4nn\u00f6t<\/p>\n","protected":false},"author":1,"featured_media":0,"parent":0,"menu_order":0,"comment_status":"closed","ping_status":"closed","template":"","meta":{"footnotes":""},"class_list":["post-279","page","type-page","status-publish","hentry"],"_links":{"self":[{"href":"https:\/\/nivalanerankavijat.com\/index.php?rest_route=\/wp\/v2\/pages\/279","targetHints":{"allow":["GET"]}}],"collection":[{"href":"https:\/\/nivalanerankavijat.com\/index.php?rest_route=\/wp\/v2\/pages"}],"about":[{"href":"https:\/\/nivalanerankavijat.com\/index.php?rest_route=\/wp\/v2\/types\/page"}],"author":[{"embeddable":true,"href":"https:\/\/nivalanerankavijat.com\/index.php?rest_route=\/wp\/v2\/users\/1"}],"replies":[{"embeddable":true,"href":"https:\/\/nivalanerankavijat.com\/index.php?rest_route=%2Fwp%2Fv2%2Fcomments&post=279"}],"version-history":[{"count":10,"href":"https:\/\/nivalanerankavijat.com\/index.php?rest_route=\/wp\/v2\/pages\/279\/revisions"}],"predecessor-version":[{"id":1287,"href":"https:\/\/nivalanerankavijat.com\/index.php?rest_route=\/wp\/v2\/pages\/279\/revisions\/1287"}],"wp:attachment":[{"href":"https:\/\/nivalanerankavijat.com\/index.php?rest_route=%2Fwp%2Fv2%2Fmedia&parent=279"}],"curies":[{"name":"wp","href":"https:\/\/api.w.org\/{rel}","templated":true}]}}